 0 - 1) composite?
False
Is ((-12)/(-10) - 4473/90)*-446 prime?
False
Suppose 4*n - 36 = -4*w + 28, 0 = -4*w + 20. Let j(i) = -63390*i + 63396*i + 13 + 10. Is j(n) a composite number?
False
Is (258836/10)/((-370)/(-925)) a composite number?
False
Suppose 0 = 5*y - w - 94004 - 107486, -y - 8*w + 40257 = 0. Is y prime?
False
Let r = 229713 - 134720. Is r a prime number?
True
Let x(t) = t + 3. Let v be x(-2). Let z(g) = 674*g**3 - 6*g - 5. Let u(s) = s + 1. Let c(p) = 5*u(p) + z(p). Is c(v) a prime number?
True
Let f(z) = 8*z + 8. Let p be f(-8). Let u = p - -58. Suppose u*m = 953 + 149. Is m a composite number?
True
Let m = -11044 - -38055. Is m composite?
False
Let a(z) = 19*z**2 - z - 13. Let r(d) = d**3 + 43*d**2 + 191*d + 41. Let w be r(-38). Is a(w) composite?
True
Suppose 8*t - 136050 = -17*t. Suppose 116*c + t = 122*c. Is c a composite number?
False
Let x(r) = r**2 - 2*r. Let w(s) = -5*s**2 + 8*s - 12517. Let i(f) = -w(f) - 6*x(f). Is i(0) prime?
True
Let q = -5826 + 7172. Is q a composite number?
True
Let l(n) = -5*n - 3. Suppose -7*q = -4*q + 3. Let t be l(q). Suppose 3*d + t*d - 937 = 2*k, -d - k = -186. Is d a prime number?
False
Let a = 2157 + -4177. Let g = -3763 - a. Is 2*(g/(-6) + 3) prime?
True
Suppose -7*t + 6*t = -2*l - 1, 25 = -5*t. Is l*(3 - (2 + (-68)/(-3))) a composite number?
True
Let p(f) = -7*f**3 - 17*f**2 + 14*f - 9. Let h(n) = -13*n**3 - 33*n**2 + 27*n - 18. Let v(s) = 6*h(s) - 11*p(s). Let u = -25 - -11. Is v(u) prime?
True
Let v be 5/10 - ((-153)/2)/3. Let r = 29 - v. Is (-3 - (-381 - 1))*(4 - r) a composite number?
False
Let r(g) be the third derivative of 41*g**5/60 - 25*g**4/24 + 107*g**3/6 + 199*g**2. Is r(9) a prime number?
True
Suppose 18*n - 36 = 72. Is 21015/3 - (0 + n) prime?
False
Suppose -5 + 10 = v. Is (10585/20)/(v/20) a composite number?
True
Suppose -5*i - 24 = i. Is (i/(-6))/(-5*(-10)/766725) composite?
False
Let t = 512 - 499. Suppose 0 = t*r - 194997 + 73356. Is r a prime number?
False
Let c(k) = -2. Let w(s) = -40*s - 7. Let o(r) = -2*c(r) + w(r). Let d be o(-2). Suppose -1271 = -4*b + d. Is b a prime number?
True
Suppose -3*g = -308 + 308. Suppose -r = g, 2*o + 0*r = -3*r + 1906. Is o a composite number?
False
Suppose -3*x = 0, 22*j - 5*x + 908964 = 25*j. Is 1/(-4*(-7)/j) a composite number?
True
Let s(o) = 10197*o**2 - 28*o + 3. Is s(2) a prime number?
False
Is (397/(-5955)*(-15)/1)/((-2)/(-2264806)) prime?
True
Suppose -5*z + 3276136 = 8*t - 9*t, -3*z + 1965669 = -2*t. Is z a prime number?
True
Suppose -17*y - 249*y + 39643186 + 1860528 = 0. Is y a composite number?
True
Is 41867/(-7)*3/(-3) prime?
True
Let n(u) = u + 18. Let a be n(-14). Suppose -x - 12 = -a*x. Suppose 3884 = 4*q + x*v, 3*v = -2 - 7. Is q a prime number?
False
Suppose -4241 = 4*q - 429. Let t = q + 469. Let n = -147 - t. Is n a composite number?
False
Let r = -205002 + 378775. Is r prime?
True
Let x(b) = 1051*b - 1. Let y be 69/2 + 7/14. Let o = y - 33. Is x(o) composite?
True
Let d(u) = 1 - 979*u - 3 - 1188*u. Is d(-3) a composite number?
True
Let v(u) = -5*u - 5. Let z(w) = -16*w - 16. Let j(t) = -10*v(t) + 3*z(t). Let q be j(2). Is -7 + q - (-56 + 0) a composite number?
True
Let h(s) be the third derivative of 243*s**5/20 + 17*s**4/24 + 73*s**3/6 + 40*s**2. Is h(-4) a prime number?
False
Suppose 3224*b - 3074*b = 122547300. Is b a composite number?
True
Let z(k) = k**3 + k**2 - 16*k + 182379. Is z(0) a composite number?
True
Suppose -19 + 25 = 3*l. Let y be (282/(-18))/(0 + l/(-12)). Let g = -63 + y. Is g composite?
False
Let u be 1*-1 + -4 + 15. Let b = u + -18. Let h(x) = 8*x**2 + 2*x - 17. Is h(b) a prime number?
True
Suppose 564150 + 102418 + 66772 = 20*r. Is r composite?
True
Let y(b) = 6*b + 78. Let r be y(10). Is 1966/(-3)*(-207)/r composite?
False
Let j(w) = 45*w**2 + 50*w - 23. Let d(y) = 46*y**2 + 49*y - 22. Let a(z) = 7*d(z) - 6*j(z). Is a(7) composite?
False
Let h(y) = -2*y**3 + 45*y**2 + 8*y - 31. Let d(c) = -23*c**2 - 4*c + 4 + 20 - 9 + c**3. Let u(v) = 5*d(v) + 3*h(v). Is u(19) composite?
False
Suppose 3*w - w - 8 = 0. Let o be (-10)/((w - 2) + -4). Is 373*o/(6 + -1) prime?
True
Suppose -29569 = -6*u + 13937. Is u a composite number?
True
Let k = 10 - -2. Suppose -k = 3*h - 27. Is 12706/3*h*24/80 composite?
False
Suppose -620*v + 615*v = -10, -4*v + 384484 = 4*n. Is n a prime number?
False
Let g = 1339 - -1468. Suppose -3*a + g = -4*u, -10*u = -15*u + 5. Is a a prime number?
True
Let g be (4 + (-105)/14)/(1/34). Let q = 3698 - g. Is q composite?
True
Suppose 31*l = 83*l - 31564. Let q(c) = c**3 - 3*c**2 - 4*c + 2. Let y be q(4). Suppose y*h + 5*o = l, 6*h - 2*h = -2*o + 1238. Is h composite?
False
Let r(z) = 3*z**2 - 2*z + 9*z - 17 + 8*z. Let k be (-3)/((-3)/10)*(-108)/90. Is r(k) a composite number?
True
Let c = -38 + 40. Let l = 12 - c. Is 3/((-27)/(-6735)) + l/15 a composite number?
True
Suppose 110076765 = 690*n - 52224345. Is n prime?
False
Let r(b) = 3172*b - 405. Let d be r(20). Suppose 47*t = 54*t - d. Is t composite?
True
Let l(r) = 85*r - 682. Let k be l(11). Suppose 2*a = 7*a + 3*m - 9, -3*a + 5*m - 15 = 0. Suppose a = -5*d + 3*z + 1258, d = -z + 3*z + k. Is d a prime number?
True
Suppose -4*u = -45*y - 335, -3*u - 11*y + 7*y - 13 = 0. Let a(w) = -1483*w - 3. Let j be a(-7). Suppose -492 - j = -u*h. Is h a prime number?
False
Let y be (11/22 + 2/12)*2181. Suppose 2*n = x - y, 26*n = 31*n. Is x a composite number?
True
Is 16847/((8/6)/4 - 18/(-27)) a prime number?
False
Let k(n) = 14*n - 41. Let i be k(4). Suppose -i*t + 47180 = 13*t. Is t prime?
False
Suppose -3*h - 8*o = -10*o - 13467, 0 = 3*h + 3*o - 13452. Is h composite?
True
Suppose 0 = -g - 3*t + 443863, 2*g + 136835 - 1024547 = t. Is g prime?
False
Is ((-8)/(-4))/1*-4*570363/(-24) prime?
True
Let c = 1874 + 3335. Is c a prime number?
True
Suppose -2*j = -68*v + 71*v - 1403695, 2*j - 2*v = 1403660. Is j a prime number?
True
Suppose 4*v + 17 + 26 = 5*o, 0 = 2*o - v - 16. Suppose -y - 8 = -o. Is (-4)/y + (-6 - -108) composite?
True
Suppose -i = 3*i + 24. Let t(a) = -54*a + 2. Let f be t(i). Suppose 149 = 5*u - f. Is u a composite number?
True
Let j(a) = -212*a**2 - 11*a + 4. Let q be j(-5). Let w = -2977 - q. Suppose 3*m + 497 = w. Is m a prime number?
False
Let s = 68733 + -29930. Let v = -8436 + s. Is v a prime number?
True
Let q(g) = 6266*g**2 + 30*g - 139. Is q(4) a prime number?
True
Let u(f) = -586*f - 63. Let d be u(3). Let p = d + 3510. Is p a prime number?
False
Suppose l - 7932 = -2*m, 0 = -122*m + 118*m + 4*l + 15876. Is m composite?
False
Suppose -607 = t - 10253. Suppose 0 = 3*w - 11*w + 32512. Suppose 6*s - t = w. Is s composite?
True
Let m = -24 - -29. Suppose -4*r = 4*n - 28, -n + 8 = m*r - 19. Suppose -l - 2157 = -o - r*l, 2*o = 2*l + 4304. Is o a composite number?
False
Let u be 2/(4/(-96357))*(-60)/(-90). Let q = u - -53988. Is q a composite number?
True
Let y = 894 + 54. Let g = y - 533. Is g prime?
False
Suppose 5*n + 38*s - 200463 = 36*s, 4*n = 2*s + 160374. Is n prime?
True
Suppose 513*w - 530*w + 213163 = 0. Is w a prime number?
True
Let z = -45 + 94. Let b = 51 - z. Is 16765/14 - (-1)/b a composite number?
True
Let g(v) = -2*v - 1. Let p be g(-7). Suppose -2281 = -p*m + 12*m. Is m a prime number?
True
Let l(d) be the first derivative of -28*d**2 - 34*d**2 + 17 + 62*d**2 + 366*d**3 + d. Is l(1) prime?
False
Let u = -391 - -1316. Let b(n) = n**3 - 5*n**2 + 3. Let k be b(5). Suppose -4*l + 1224 = 4*j, l - 5*l = -k*j + u. Is j composite?
False
Suppose 36*k - 564291 = 29*k + 655900. Is k composite?
True
Let u(v) = 17*v**2 - 31*v + 153. Suppose 375 = 37*o - 22*o. Is u(o) a composite number?
True
Suppose -6*n = -17 - 67. Let o be 2/n - (-66)/(-21). Is 844*(o + 52/16) a composite number?
False
Suppose 10*n + 118 = 1218. Suppose 99*h = n*h - 127787. Is h composite?
False
Suppose 0 = o + 1, -2*n = 2*n + 4*o + 40. Let b = n - -19. Suppose -l = b*l - 3201. Is l composite?
True
Let j = -111 - -110. Is 4 + (j - -2) + 2318 prime?
False
Let a be 11 + 42/(-7) - (-4319 - 1). Let i = a - 2034. Is i prime?
False
Let t be (368/(-230))/(4/(-30650)). Let u = t + 14109. Is u composite?
True
Let o = 54486 - -129799. Is o composite?
True
Let h(i) = -6*i + 6238. Let z(q) = q - 19. Let p(g) = h(g) + 5*z(g). Let l be (-1 + 1)/(2 - 3). Is p(l) 